07.
14
Calculate the remainder when 233071 is divided by 77678.
37
What is the remainder when 2964 is divided by 942?
138
What is the remainder when 70256 is divided by 66?
32
What is the remainder when 33681 is divided by 4795?
116
Calculate the remainder when 4970 is divided by 1506.
452
Calculate the remainder when 50556 is divided by 12639.
0
Calculate the remainder when 182674 is divided by 13.
11
Calculate the remainder when 11022 is divided by 41.
34
Calculate the remainder when 13951 is divided by 1990.
21
What is the remainder when 10310 is divided by 5148?
14
Calculate the remainder when 31452 is divided by 332.
244
What is the remainder when 928286 is divided by 27?
26
What is the remainder when 4045 is divided by 822?
757
What is the remainder when 1372 is divided by 1371?
1
Calculate the remainder when 49862 is divided by 24914.
34
What is the remainder when 922 is divided by 251?
169
What is the remainder when 142885 is divided by 47628?
1
Calculate the remainder when 19050 is divided by 346.
20
Calculate the remainder when 829961 is divided by 126.
125
Calculate the remainder when 13046 is divided by 16.
6
What is the remainder when 5147 is divided by 1244?
171
What is the remainder when 27171 is divided by 867?
294
What is the remainder when 564976 is divided by 1239?
1231
What is the remainder when 151887 is divided by 2920?
47
Calculate the remainder when 2800 is divided by 55.
50
What is the remainder when 49347 is divided by 531?
495
What is the remainder when 6654 is divided by 1662?
6
Calculate the remainder when 221826 is divided by 1413.
1398
Calculate the remainder when 38447 is divided by 25.
22
Calculate the remainder when 12733 is divided by 21.
7
Calculate the remainder when 11345 is divided by 227.
222
What is the remainder when 46050 is divided by 46045?
5
Calculate the remainder when 5640797 is divided by 55.
52
Calculate the remainder when 317578 is divided by 317568.
10
Calculate the remainder when 10163 is divided by 64.
51
Calculate the remainder when 6148 is divided by 2044.
16
What is the remainder when 1331 is divided by 409?
104
What is the remainder when 15932 is divided by 5301?
29
Calculate the remainder when 709 is divided by 25.
9
Calculate the remainder when 288076 is divided by 57.
55
What is the remainder when 1020 is divided by 267?
219
What is the remainder when 1420437 is divided by 38?
35
What is the remainder when 1960623 is divided by 86?
81
Calculate the remainder when 526964 is divided by 433.
3
What is the remainder when 8761 is divided by 32?
25
What is the remainder when 3512 is divided by 684?
92
Calculate the remainder when 9941 is divided by 21.
8
Calculate the remainder when 18543 is divided by 6146.
105
Calculate the remainder when 10393 is divided by 112.
89
What is the remainder when 2431 is divided by 320?
191
What is the remainder when 922934 is divided by 47?
42
What is the remainder when 23085 is divided by 129?
123
What is the remainder when 18731 is divided by 153?
65
Calculate the remainder when 10277 is divided by 341.
47
What is the remainder when 110473 is divided by 45?
43
Calculate the remainder when 193319 is divided by 17.
12
Calculate the remainder when 4757 is divided by 22.
5
What is the remainder when 127841 is divided by 69?
53
Calculate the remainder when 7603 is divided by 3789.
25
What is the remainder when 24608 is divided by 588?
500
Calculate the remainder when 3814 is divided by 347.
344
What is the remainder when 33986 is divided by 790?
16
What is the remainder when 460 is divided by 15?
10
What is the remainder when 7246 is divided by 269?
252
What is the remainder when 1813 is divided by 708?
397
Calculate the remainder when 805 is divided by 171.
121
What is the remainder when 9737 is divided by 1938?
47
What is the remainder when 10300 is divided by 1138?
58
What is the remainder when 104095 is divided by 387?
379
What is the remainder when 757 is divided by 382?
375
Calculate the remainder when 2055923 is divided by 276.
275
Calculate the remainder when 1016686 is divided by 279.
10
Calculate the remainder when 236444 is divided by 611.
598
What is the remainder when 83929 is divided by 385?
384
Calculate the remainder when 2420828 is divided by 9.
8
What is the remainder when 2383 is divided by 310?
213
What is the remainder when 136 is divided by 70?
66
Calculate the remainder when 2467 is divided by 420.
367
What is the remainder when 5814 is divided by 828?
18
Calculate the remainder when 57321 is divided by 2864.
41
Calculate the remainder when 79816 is divided by 896.
72
What is the remainder when 58431 is divided by 16?
15
What is the remainder when 5987 is divided by 5860?
127
Calculate the remainder when 94413 is divided by 65.
33
Calculate the remainder when 37835 is divided by 36.
35
Calculate the remainder when 45370 is divided by 19.
17
Calculate the remainder when 7810 is divided by 81.
34
Calculate the remainder when 591034 is divided by 98.
94
Calculate the remainder when 2489 is divided by 418.
399
Calculate the remainder when 121920 is divided by 23.
20
Calculate the remainder when 43641 is divided by 18.
9
Calculate the remainder when 2652 is divided by 345.
237
What is the remainder when 825 is divided by 27?
15
What is the remainder when 94417 is divided by 1111?
1093
Calculate the remainder when 82534 is divided by 809.
16
Calculate the remainder when 21216 is divided by 10603.
10
What is the remainder when 215161 is divided by 27?
25
Calculate the remainder when 2522 is divided by 56.
2
What is the remainder when 8623 is divided by 955?
28
What is the remainder when 5465910 is divided by 1327?
1324
Calculate the remainder when 1725204 is divided by 69.
66
Calculate the remainder when 50231 is divided by 108.
11
What is the remainder when 8834 is divided by 488?
50
Calculate the remainder when 117335 is divided by 29330.
15
What is the remainder when 2287 is divided by 332?
295
What is the remainder when 281166 is divided by 41?
29
Calculate the remainder when 4488 is divided by 1732.
1024
Calculate the remainder when 397603 is divided by 223.
217
What is the remainder when 95878 is divided by 85?
83
What is the remainder when 92805 is divided by 49?
48
Calculate the remainder when 3831 is divided by 8.
7
What is the remainder when 49441 is divided by 61?
31
Calculate the remainder when 25999 is divided by 277.
238
Calculate the remainder when 164221 is divided by 107.
83
Calculate the remainder when 57224 is divided by 19.
15
What is the remainder when 4408107 is divided by 90?
87
What is the remainder when 33418 is divided by 3?
1
What is the remainder when 2564 is divided by 390?
224
What is the remainder when 18262 is divided by 78?
10
Calculate the remainder when 98642 is divided by 14091.
5
What is the remainder when 3961 is divided by 531?
244
What is the remainder when 11588 is divided by 2887?
40
Calculate the remainder when 416168 is divided by 53.
12
Calculate the remainder when 3652 is divided by 6.
4
Calculate the remainder when 55042 is divided by 751.
219
What is the remainder when 38805 is divided by 12813?
366
Calculate the remainder when 67448 is divided by 73.
69
Calculate the remainder when 11467 is divided by 80.
27
What is the remainder when 91623 is divided by 52?
51
What is the remainder when 7065 is divided by 178?
123
What is the remainder when 15985 is divided by 3008?
945
What is the remainder when 324319 is divided by 108102?
13
What is the remainder when 88174 is divided by 221?
216
Calculate the remainder when 2543 is divided by 99.
68
Calculate the remainder when 2838 is divided by 113.
13
What is the remainder when 2241 is divided by 181?
69
What is the remainder when 88170 is divided by 569?
544
Calculate the remainder when 228978 is divided by 188.
182
Calculate the remainder when 899994 is divided by 17.
14
Calculate the remainder when 41826 is divided by 191.
188
What is the remainder when 19049 is divided by 6277?
218
Calculate the remainder when 1010429 is divided by 618.
617
Calculate the remainder when 4388 is divided by 21.
20
Calculate the remainder when 2956549 is divided by 22.
13
Calculate the remainder when 5681 is divided by 335.
321
Calculate the remainder when 50387 is d